n factor of a and i.
3
Suppose -3*l + 6540 = 3*f, -11*l + 13*l - 4381 = 5*f. Calculate the greatest common factor of l and 59.
59
Suppose 43*d = -18*d + 427. Calculate the highest common factor of 889 and d.
7
Let y be -7 + (3 + -3 - -115). Calculate the highest common factor of 72 and y.
36
Let l(k) = -k**3 - 4*k**2 - 2*k - 6. Let x be l(-6). Suppose 0 = 5*s - 168 + 58. Let n = s - 9. Calculate the highest common factor of x and n.
13
Suppose -208 = 3*n - 217. Calculate the greatest common factor of 51 and n.
3
Let p = 87 + -60. Let t = 62 + -59. Suppose -2*k = -3*q + 318, t*q = -4*k - k + 339. Calculate the highest common factor of p and q.
27
Suppose -5*a + 7 + 1 = v, -4*a = 4*v - 48. Let t = 97 + -32. What is the greatest common factor of v and t?
13
Suppose -232 - 384 = -4*j. Let x(c) = 34*c. Let k be x(1). Let p = k + -20. Calculate the greatest common factor of j and p.
14
Let c = 48 - 44. Suppose c*v - 29 = -1. What is the greatest common divisor of v and 35?
7
Let y(v) = v**2 - 3*v. Let d be y(6). Let k(r) = 84*r + 213. Let z be k(-2). Calculate the highest common divisor of d and z.
9
Suppose 5*c - 7*c + 4 = 0. Suppose c*z - z = 110. Calculate the highest common divisor of 11 and z.
11
Let s be ((-2)/(-4))/((-3)/(-1200)). Let q be ((-4)/(-6))/((-2)/(-75)). What is the greatest common factor of s and q?
25
Suppose -3*c - 12 = 0, -4*s + 3*c = -0*s - 32. What is the greatest common factor of 95 and s?
5
Let s be 8/(-4)*3/(-2). Suppose -3*x - 3 + 37 = -w, -26 = -s*x + 5*w. Let t = 1 - -11. Calculate the greatest common factor of t and x.
12
Let u = 8 - 17. Let l be (-60)/u - (-1)/3. Suppose 108 = w - l. Calculate the greatest common divisor of 46 and w.
23
Let y = 353 + -324. Suppose h - 5*p = 97, -5*h - 2*p = -0*p - 431. What is the greatest common divisor of h and y?
29
Let v(p) = -p**3 + 7*p**2 - 6*p + 13. Suppose 2*r - 24 = -2*r. Let n be v(r). Suppose 3*w + 4 = n. What is the greatest common factor of w and 2?
1
Let r(c) = -c**3 + 7*c**2 + 2*c - 12. Let o be r(7). Let a be 9*(o + (-8)/3). Let q be ((-2)/4)/(a/864). What is the highest common factor of q and 8?
8
Let r be (14/(-4))/((-7)/(-14)). Let h(f) = f**2 + 5*f - 17. Let q be h(4). Let s = q + r. What is the highest common factor of s and 96?
12
Let k be (3 + -6 + 1)/(-1). Suppose -2*g = 2*y - 22, 3*g - k*y + 7*y = 41. What is the greatest common divisor of 77 and g?
7
Let k(b) = 6*b - 22. Let j(f) = 25*f - 88. Let s(p) = -6*j(p) + 26*k(p). Let t be s(12). What is the highest common divisor of t and 4?
4
Let h be (-1)/(((-18)/328)/9)*1. Calculate the highest common divisor of h and 41.
41
Let j(d) = 2*d - 5. Suppose 5*x - 17 = 3. Let f be j(x). Let n be -2 + 12 + f - 4. Calculate the greatest common divisor of 9 and n.
9
Suppose -2*u + 6*u + 8 = 2*r, u = 4*r - 23. Suppose -25 + 5 = -5*y. Suppose 2*i = -i - 4*n - y, -2*n = i + 4. What is the highest common divisor of i and r?
2
Let x(h) = h**2 - 7*h + 11. Let y be x(5). Let i = y - -29. Calculate the greatest common divisor of 75 and i.
15
Let s be (38/95)/(2/30). Let a be -2*((-537)/s + 4). Calculate the highest common divisor of a and 19.
19
Suppose 200 = 4*c + c. Let d = 71 - 51. What is the highest common divisor of d and c?
20
Let z be (9/21 - 3)*28/(-3). Let b be 12*(0 - 2)*-3. What is the greatest common divisor of b and z?
24
Let c(z) = -2*z - 6. Let n be c(-5). Let y = -17 + 17. Suppose -2*h + y + 8 = 0. Calculate the greatest common factor of h and n.
4
Let u(b) = 39*b + 1. Let k be u(1). Let n be (-912)/18*(-18)/4. Suppose 0 = -3*j - 48 + n. Calculate the greatest common factor of k and j.
20
Suppose -2*n = -8*n + 144. Calculate the greatest common factor of 30 and n.
6
Let a = 26 - 18. Let x = -12 + a. Let v = x - -14. What is the highest common divisor of v and 5?
5
Suppose -4*n = -25 - 71. Calculate the greatest common divisor of n and 32.
8
Suppose -8*k + 4 = -7*k. Suppose 0 = -d + 3*x + k, 0 = d - 3*d + x + 28. What is the greatest common factor of d and 8?
8
Suppose 530 = -0*v + 3*v + 5*c, -5*c - 10 = 0. Calculate the greatest common factor of 30 and v.
30
Let c(j) = -7*j - 8. Let x be c(-2). Suppose 3*p = q + 15, 3*p - 3*q = -x*q + 3. Suppose -p*l = -5*l + 48. What is the greatest common divisor of l and 6?
6
Let k(n) = 3*n**2 - 2*n - 46. Let q be k(10). What is the highest common divisor of q and 36?
18
Let y(f) = f**2 - 27*f + 178. Let d be y(6). What is the greatest common divisor of 8 and d?
4
Suppose -2*j = -3*j + 4. Suppose j*b + b - 41 = 4*k, 12 = -3*k. Suppose b*u + 26 = 4*d, -10 = -2*d - u + 2*u. Calculate the greatest common factor of d and 2.
2
Let b(u) be the first derivative of -u**4/4 + 2*u**3/3 + u**2/2 - 1. Let d be b(-1). Suppose 0 = j - d*j + 13. What is the greatest common divisor of 39 and j?
13
Let h be 2/(2635/525 + -5). Let a be -1 + h + (-15)/3 + 6. What is the greatest common factor of 35 and a?
35
Suppose 21*m - 1428 = 7*m. Calculate the highest common divisor of m and 68.
34
Let a(n) = -n**3 - 5*n**2 + 4*n + 26. Let l be a(0). What is the highest common divisor of l and 1001?
13
Let h(c) = -3*c + 15*c**2 - 18 - 12*c**2 + 0. Let f be h(-8). Calculate the highest common divisor of f and 18.
18
Suppose -17*c + 252 = -3*c. Let f be 1/(1/(-2)*-1). What is the highest common factor of c and f?
2
Let z = 200 + -198. What is the highest common factor of z and 16?
2
Let h(i) = 14*i**2 - 7*i + 30. Suppose 4*j - j = 2*v + 5, 5 = 4*j - 3*v. Let q be h(j). Calculate the greatest common factor of 15 and q.
15
Suppose -1 = -2*x + 11. Let m be (x*(-4)/(-30))/(3/90). Calculate the highest common factor of m and 24.
24
Let o(i) = -8*i - 28. Let a be o(-5). Suppose 0 = 3*k - 21 + a. Calculate the highest common divisor of 24 and k.
3
Let x(q) = -8*q + 9. Let u be x(2). Let z be 14 - (-4 - u - 4). Calculate the highest common factor of z and 60.
15
Let r(h) = h**2 + 25*h - 16. Let a be r(-22). Let j = a + 98. Calculate the highest common factor of j and 12.
4
Let o(b) = -b**3 + 20*b**2 - 53*b + 98. Let z be o(17). Let m = -7 - -23. What is the highest common divisor of z and m?
16
Let p be 135/(-6)*(-1568)/70. What is the greatest common factor of p and 216?
72
Let o(i) = -i**2 - 11*i - 3. Let v be o(-10). Suppose 2*x + 0*n + 2*n - 46 = 0, 2*n + 10 = 0. What is the highest common divisor of x and v?
7
Let a(q) = -4*q**2 - q + 26. Let r(s) = -9*s**2 - 2*s + 52. Let x(l) = -7*a(l) + 3*r(l). Let d be x(-11). Calculate the greatest common factor of d and 36.
12
Let h be (-1 + 1 + -2)*-1. Suppose -6*p = -12*p - 264. Let m = -38 - p. Calculate the greatest common factor of m and h.
2
Suppose -p + w = 1, 3*w = 3*p + 2*w - 7. What is the highest common divisor of p and 124?
4
Let p be -2 + -1 - (-21)/3. Suppose -20 = 2*o - 3*o - v, p*o = v + 95. Suppose m = -2*m + 276. What is the greatest common factor of o and m?
23
Let o = 174 + -98. Let i(f) = -2*f + 7. Let m be i(-6). Calculate the highest common divisor of m and o.
19
Let n = 1 + 5. Let y = 22 - 24. Let f be (14/35)/(y/(-330)) - 0. Calculate the highest common factor of n and f.
6
Let x(h) = -h**3 - 3*h**2 + 22*h - 12. Let p be x(-8). Let i(o) = -o + 6. Let f be i(-6). Calculate the highest common divisor of f and p.
12
Suppose -13*u + 2016 = 43*u. Calculate the highest common divisor of 636 and u.
12
Let z(c) = -13*c - 1 + 14*c - 3 + 11*c. Let k be z(2). Let m be 24/(-156) - 132/(-13). Calculate the highest common factor of k and m.
10
Let q be 3 - (-3 + 6/3). Suppose -u = -q*l, 0*l = -3*l + u. Suppose l = -c + 104 + 105. Calculate the highest common divisor of c and 19.
19
Suppose 2*q - 6 = -4*o, 4*q - 6*q + 5*o = -42. Let f = -1189 - -1222. What is the greatest common divisor of q and f?
11
Suppose -5*v - 3*j = 2*j - 125, -j = 3*v - 69. Let w be 55/v + (-2)/(-4). Calculate the greatest common factor of w and 3.
3
Let d(m) = 7*m**2 - 4*m - 7. Let q = 134 + -131. Let c be d(q). What is the highest common factor of c and 11?
11
Let f = 566 - 562. What is the greatest common divisor of f and 6?
2
Suppose -4*t + 2*t - 12 = 0. Let v be (t/1)/(3/(-2)). Let u be 4*4*45/20. What is the greatest common divisor of v and u?
4
Let b be (2 - (-455)/(-3)) + 1/(-3). Let d = b + 370. Calculate the highest common factor of 20 and d.
20
Let l(p) be the first derivati